{"id":10757,"date":"2022-10-18T16:10:07","date_gmt":"2022-10-18T14:10:07","guid":{"rendered":"http:\/\/breakdance.lebenshilfe-stuttgart.de\/?page_id=10757"},"modified":"2026-04-02T11:05:06","modified_gmt":"2026-04-02T09:05:06","slug":"spende","status":"publish","type":"page","link":"https:\/\/www.lebenshilfe-stuttgart.de\/de_leicht\/spende\/","title":{"rendered":"Spenden"},"content":{"rendered":"<section class=\"bde-section-10757-100 bde-section\">\n  \n  \n\t\n\n\n\n<div class=\"section-container\"><div class=\"bde-columns-10757-101 bde-columns\"><div class=\"bde-column-10757-102 bde-column\">\n  \n  \n\t\n\n\n\n<div class=\"bde-image-10757-103 bde-image\">\n<figure class=\"breakdance-image breakdance-image--16012\">\n\t<div class=\"breakdance-image-container\">\n\t\t<div class=\"breakdance-image-clip\"><img loading=\"lazy\" decoding=\"async\" class=\"breakdance-image-object\" src=\"https:\/\/www.lebenshilfe-stuttgart.de\/wp-content\/uploads\/2024\/11\/Spenden_01_1050.jpg\" width=\"1050\" height=\"700\" srcset=\"https:\/\/www.lebenshilfe-stuttgart.de\/wp-content\/uploads\/2024\/11\/Spenden_01_1050.jpg 1050w, https:\/\/www.lebenshilfe-stuttgart.de\/wp-content\/uploads\/2024\/11\/Spenden_01_1050-300x200.jpg 300w, https:\/\/www.lebenshilfe-stuttgart.de\/wp-content\/uploads\/2024\/11\/Spenden_01_1050-1024x683.jpg 1024w, https:\/\/www.lebenshilfe-stuttgart.de\/wp-content\/uploads\/2024\/11\/Spenden_01_1050-768x512.jpg 768w, https:\/\/www.lebenshilfe-stuttgart.de\/wp-content\/uploads\/2024\/11\/Spenden_01_1050-600x400.jpg 600w\" sizes=\"auto, (max-width: 1050px) 100vw, 1050px\" alt=\"Ein lachender Mensch steht in einem Zimmer\"><\/div>\n\t<\/div><\/figure>\n\n<\/div>\n<\/div><div class=\"bde-column-10757-104 bde-column\">\n  \n  \n\t\n\n\n\n<h1 class=\"bde-heading-10757-105 bde-heading\">\nIhre Spende hilft\n<\/h1><div class=\"bde-rich-text-10757-106 bde-rich-text breakdance-rich-text-styles\">\n<p>Die meisten unserer Aufgaben werden durch staatliche Gelder finanziert. Diese decken jedoch nur die Grundversorgung ab. F\u00fcr Extras ist dabei kein Spielraum.<br \/>Dank Ihrer Spende k\u00f6nnen wir zus\u00e4tzliche Angebote schaffen, wie zum Beispiel die\u00a0tiergest\u00fctzte Therapie oder die Kunstwerkstatt. Au\u00dferdem sind viele Freizeit- und Reise\u00adangebote spendenbasiert.<\/p>\n<\/div><div class=\"bde-div-10757-220 bde-div\">\n  \n  \n\t\n\n\n\n<div class=\"bde-button-10757-229 bde-button\">\n        \n    \n    \n    \n    \n            \n                    \n            \n            \n\n    \n    \n    \n    \n    \n    <a class=\"breakdance-link button-atom button-atom--primary bde-button__button\" href=\"#anker_spenden\" target=\"_self\" data-type=\"url\"  >\n\n    \n        <span class=\"button-atom__text\">Jetzt spenden<\/span>\n\n                            \n        \n                <\/a>\n\n    \n\n\n<\/div><div class=\"bde-button-10757-222 bde-button\">\n        \n    \n    \n    \n    \n            \n                    \n            \n            \n\n    \n    \n    \n    \n    \n    <a class=\"breakdance-link button-atom button-atom--secondary bde-button__button\" href=\"#anker_spendenzwecke\" target=\"_self\" data-type=\"url\"  >\n\n    \n        <span class=\"button-atom__text\">Spendenzwecke<\/span>\n\n        \n        \n                <\/a>\n\n    \n\n\n<\/div><div class=\"bde-button-10757-221 bde-button\">\n        \n    \n    \n    \n    \n            \n                    \n            \n            \n\n    \n    \n    \n    \n    \n    <a class=\"breakdance-link button-atom button-atom--secondary bde-button__button\" href=\"#anker_gruende\" target=\"_self\" data-type=\"url\"  >\n\n    \n        <span class=\"button-atom__text\">Warum spenden?<\/span>\n\n        \n        \n                <\/a>\n\n    \n\n\n<\/div>\n<\/div>\n<\/div><\/div><\/div>\n<\/section><section id=\"anker_spenden\" class=\"bde-section-10757-233 bde-section\">\n  \n  \n\t\n\n\n\n<div class=\"section-container\"><div class=\"bde-columns-10757-291 bde-columns\"><div class=\"bde-column-10757-292 bde-column\">\n  \n  \n\t\n\n\n\n<div class=\"bde-columns-10757-299 bde-columns\"><div class=\"bde-column-10757-300 bde-column\">\n  \n  \n\t\n\n\n\n<div class=\"bde-image-10757-245 bde-image\">\n<figure class=\"breakdance-image breakdance-image--20994\">\n\t<div class=\"breakdance-image-container\">\n\t\t<div class=\"breakdance-image-clip\"><img loading=\"lazy\" decoding=\"async\" class=\"breakdance-image-object\" src=\"https:\/\/www.lebenshilfe-stuttgart.de\/wp-content\/uploads\/2026\/03\/Firefly_Eine-Frau-mit-Down-Syndrom-die-in-abwehrender-Haltung-dasteht-beide-Haende-sind-mit-261207.jpg\" width=\"2304\" height=\"1792\" srcset=\"https:\/\/www.lebenshilfe-stuttgart.de\/wp-content\/uploads\/2026\/03\/Firefly_Eine-Frau-mit-Down-Syndrom-die-in-abwehrender-Haltung-dasteht-beide-Haende-sind-mit-261207.jpg 2304w, https:\/\/www.lebenshilfe-stuttgart.de\/wp-content\/uploads\/2026\/03\/Firefly_Eine-Frau-mit-Down-Syndrom-die-in-abwehrender-Haltung-dasteht-beide-Haende-sind-mit-261207-300x233.jpg 300w, https:\/\/www.lebenshilfe-stuttgart.de\/wp-content\/uploads\/2026\/03\/Firefly_Eine-Frau-mit-Down-Syndrom-die-in-abwehrender-Haltung-dasteht-beide-Haende-sind-mit-261207-1024x796.jpg 1024w, https:\/\/www.lebenshilfe-stuttgart.de\/wp-content\/uploads\/2026\/03\/Firefly_Eine-Frau-mit-Down-Syndrom-die-in-abwehrender-Haltung-dasteht-beide-Haende-sind-mit-261207-768x597.jpg 768w, https:\/\/www.lebenshilfe-stuttgart.de\/wp-content\/uploads\/2026\/03\/Firefly_Eine-Frau-mit-Down-Syndrom-die-in-abwehrender-Haltung-dasteht-beide-Haende-sind-mit-261207-1536x1195.jpg 1536w, https:\/\/www.lebenshilfe-stuttgart.de\/wp-content\/uploads\/2026\/03\/Firefly_Eine-Frau-mit-Down-Syndrom-die-in-abwehrender-Haltung-dasteht-beide-Haende-sind-mit-261207-2048x1593.jpg 2048w, https:\/\/www.lebenshilfe-stuttgart.de\/wp-content\/uploads\/2026\/03\/Firefly_Eine-Frau-mit-Down-Syndrom-die-in-abwehrender-Haltung-dasteht-beide-Haende-sind-mit-261207-15x12.jpg 15w, https:\/\/www.lebenshilfe-stuttgart.de\/wp-content\/uploads\/2026\/03\/Firefly_Eine-Frau-mit-Down-Syndrom-die-in-abwehrender-Haltung-dasteht-beide-Haende-sind-mit-261207-600x467.jpg 600w\" sizes=\"auto, (max-width: 2304px) 100vw, 2304px\"><\/div>\n\t<\/div><\/figure>\n\n<\/div><h3 class=\"bde-heading-10757-243 bde-heading\">\nWendo-Kurse\n<\/h3><div class=\"bde-content-reveal-10757-297 bde-content-reveal\">\n<div class=\"bde-content-reveal__container is-hidden\">\n  <div class=\"bde-content-reveal__content\">\n    <div class=\"bde-text-10757-244 bde-text\">\nMenschen mit Behinderung sind generell \u00fcber&shy;durch&shy;schnittlich oft sexuellen Bel\u00e4stigungen, Missbrauch und anderen Gewalt&shy;erfahrungen ausgesetzt. Bei Frauen mit Behinderung ist die Quote nochmals h\u00f6her als bei M\u00e4nnern. Die Stuttgarter Werkst\u00e4tten der Lebenshilfe bieten deshalb schon seit mehreren Jahren Wendo-Kurse mit einer erfahrenen Trainerin an. Die Frauen lernen hier, sich zu behaupten und sich zu wehren. Diese Kurse k\u00f6nnen wir ausschlie\u00dflich mit Spenden finanzieren.\n<\/div>\n  <\/div>\n\n      \n      \n    \n    \n    \n                                                    \n            \n            <button type=\"button\" class=\"button-atom button-atom--secondary bde-content-reveal__button\"   data-i18n-more=\"anzeigen\" data-i18n-less=\"schlie\u00dfen\">\n    \n        <span class=\"button-atom__text\">anzeigen<\/span>\n\n        \n        \n            <\/button>\n    \n<\/div>\n\n<\/div>\n<\/div><div class=\"bde-column-10757-302 bde-column\">\n  \n  \n\t\n\n\n\n<div class=\"bde-image-10757-303 bde-image\">\n<figure class=\"breakdance-image breakdance-image--15770\">\n\t<div class=\"breakdance-image-container\">\n\t\t<div class=\"breakdance-image-clip\"><img loading=\"lazy\" decoding=\"async\" class=\"breakdance-image-object\" src=\"https:\/\/www.lebenshilfe-stuttgart.de\/wp-content\/uploads\/2024\/10\/Kita_mood_01_1050.jpg\" width=\"1050\" height=\"700\" srcset=\"https:\/\/www.lebenshilfe-stuttgart.de\/wp-content\/uploads\/2024\/10\/Kita_mood_01_1050.jpg 1050w, https:\/\/www.lebenshilfe-stuttgart.de\/wp-content\/uploads\/2024\/10\/Kita_mood_01_1050-600x400.jpg 600w, https:\/\/www.lebenshilfe-stuttgart.de\/wp-content\/uploads\/2024\/10\/Kita_mood_01_1050-300x200.jpg 300w, https:\/\/www.lebenshilfe-stuttgart.de\/wp-content\/uploads\/2024\/10\/Kita_mood_01_1050-1024x683.jpg 1024w, https:\/\/www.lebenshilfe-stuttgart.de\/wp-content\/uploads\/2024\/10\/Kita_mood_01_1050-768x512.jpg 768w\" sizes=\"auto, (max-width: 1050px) 100vw, 1050px\" alt=\"Eine Erzieherin spielt in der Inklusiven Kindertagesst\u00e4tte mit einem Jungen ein Spiel\"><\/div>\n\t<\/div><\/figure>\n\n<\/div><h3 class=\"bde-heading-10757-304 bde-heading\">\nInklusive Kinder\u00b7tages\u00b7st\u00e4tte\n<\/h3><div class=\"bde-content-reveal-10757-305 bde-content-reveal\">\n<div class=\"bde-content-reveal__container is-hidden\">\n  <div class=\"bde-content-reveal__content\">\n    <div class=\"bde-text-10757-306 bde-text\">\nIn unserer inklusiven Kindertagesst\u00e4tte in Stuttgart-Vaihingen finden 30 Kinder im Alter von einem Jahr bis zur Einschulung einen Ort zum Spielen und Lernen. Von den 30 Pl\u00e4tzen sind 8 Pl\u00e4tze f\u00fcr Kinder mit besonderen F\u00f6rderbedarfen vorgesehen. Die Art des F\u00f6rderbedarfes spielt hierbei keine Rolle. Jedes Kind ist in seiner Eigenart willkommen.<br><br>\n<\/div>\n  <\/div>\n\n      \n      \n    \n    \n    \n                                                    \n            \n            <button type=\"button\" class=\"button-atom button-atom--secondary bde-content-reveal__button\"   data-i18n-more=\"anzeigen\" data-i18n-less=\"schlie\u00dfen\">\n    \n        <span class=\"button-atom__text\">anzeigen<\/span>\n\n        \n        \n            <\/button>\n    \n<\/div>\n\n<\/div>\n<\/div><div class=\"bde-column-10757-309 bde-column\">\n  \n  \n\t\n\n\n\n<div class=\"bde-image-10757-310 bde-image\">\n<figure class=\"breakdance-image breakdance-image--19508\">\n\t<div class=\"breakdance-image-container\">\n\t\t<div class=\"breakdance-image-clip\"><img loading=\"lazy\" decoding=\"async\" class=\"breakdance-image-object\" src=\"https:\/\/www.lebenshilfe-stuttgart.de\/wp-content\/uploads\/2025\/03\/Samstagsbetreuung.jpg\" width=\"800\" height=\"400\" srcset=\"https:\/\/www.lebenshilfe-stuttgart.de\/wp-content\/uploads\/2025\/03\/Samstagsbetreuung.jpg 800w, https:\/\/www.lebenshilfe-stuttgart.de\/wp-content\/uploads\/2025\/03\/Samstagsbetreuung-600x300.jpg 600w, https:\/\/www.lebenshilfe-stuttgart.de\/wp-content\/uploads\/2025\/03\/Samstagsbetreuung-300x150.jpg 300w, https:\/\/www.lebenshilfe-stuttgart.de\/wp-content\/uploads\/2025\/03\/Samstagsbetreuung-768x384.jpg 768w, https:\/\/www.lebenshilfe-stuttgart.de\/wp-content\/uploads\/2025\/03\/Samstagsbetreuung-18x9.jpg 18w\" sizes=\"auto, (max-width: 800px) 100vw, 800px\" alt=\"Samstagsbetreuung\"><\/div>\n\t<\/div><\/figure>\n\n<\/div><h3 class=\"bde-heading-10757-311 bde-heading\">\nFamilie, Freizeit, Begegnung\n<\/h3><div class=\"bde-content-reveal-10757-312 bde-content-reveal\">\n<div class=\"bde-content-reveal__container is-hidden\">\n  <div class=\"bde-content-reveal__content\">\n    <div class=\"bde-text-10757-313 bde-text\">\nUnser Teilhabenetzwerk macht viele Angebote: Unterst\u00fctzung in der Familie, Freizeitangebote wie Action, Kultur & Mehr oder Reisen. Die Teilnehmerbeitr\u00e4ge decken dabei nur die Kosten der Ma\u00dfnahme selbst, nicht die der Organisation. Auch die Beratung \u00fcber die Finanzierungsm\u00f6glichkeiten f\u00fcr die Teilnehmer, die oft dazu f\u00fchrt, dass diese die Angebote bezuschusst oder gar ganz finanziert bekommen, ist nicht gedeckt. Die gute und wichtige Arbeit des Teilhabe-Netzwerkes ist deshalb auf Spenden angewiesen.<br>\n<\/div>\n  <\/div>\n\n      \n      \n    \n    \n    \n                                                    \n            \n            <button type=\"button\" class=\"button-atom button-atom--secondary bde-content-reveal__button\"   data-i18n-more=\"anzeigen\" data-i18n-less=\"schlie\u00dfen\">\n    \n        <span class=\"button-atom__text\">anzeigen<\/span>\n\n        \n        \n            <\/button>\n    \n<\/div>\n\n<\/div>\n<\/div><\/div>\n<\/div><\/div><div class=\"bde-columns-10757-379 bde-columns\"><div class=\"bde-column-10757-380 bde-column\">\n  \n  \n\t\n\n\n\n<div class=\"bde-columns-10757-381 bde-columns\"><div class=\"bde-column-10757-400 bde-column\">\n  \n  \n\t\n\n\n\n<div class=\"bde-image-10757-401 bde-image\">\n<figure class=\"breakdance-image breakdance-image--21098\">\n\t<div class=\"breakdance-image-container\">\n\t\t<div class=\"breakdance-image-clip\"><img loading=\"lazy\" decoding=\"async\" class=\"breakdance-image-object\" src=\"https:\/\/www.lebenshilfe-stuttgart.de\/wp-content\/uploads\/2026\/04\/Tiergestuetzte-Therapie-Kopie-scaled.jpg\" width=\"2560\" height=\"1696\" srcset=\"https:\/\/www.lebenshilfe-stuttgart.de\/wp-content\/uploads\/2026\/04\/Tiergestuetzte-Therapie-Kopie-scaled.jpg 2560w, https:\/\/www.lebenshilfe-stuttgart.de\/wp-content\/uploads\/2026\/04\/Tiergestuetzte-Therapie-Kopie-300x199.jpg 300w, https:\/\/www.lebenshilfe-stuttgart.de\/wp-content\/uploads\/2026\/04\/Tiergestuetzte-Therapie-Kopie-1024x678.jpg 1024w, https:\/\/www.lebenshilfe-stuttgart.de\/wp-content\/uploads\/2026\/04\/Tiergestuetzte-Therapie-Kopie-768x509.jpg 768w, https:\/\/www.lebenshilfe-stuttgart.de\/wp-content\/uploads\/2026\/04\/Tiergestuetzte-Therapie-Kopie-1536x1017.jpg 1536w, https:\/\/www.lebenshilfe-stuttgart.de\/wp-content\/uploads\/2026\/04\/Tiergestuetzte-Therapie-Kopie-2048x1356.jpg 2048w, https:\/\/www.lebenshilfe-stuttgart.de\/wp-content\/uploads\/2026\/04\/Tiergestuetzte-Therapie-Kopie-18x12.jpg 18w, https:\/\/www.lebenshilfe-stuttgart.de\/wp-content\/uploads\/2026\/04\/Tiergestuetzte-Therapie-Kopie-600x397.jpg 600w\" sizes=\"auto, (max-width: 2560px) 100vw, 2560px\"><\/div>\n\t<\/div><\/figure>\n\n<\/div><h3 class=\"bde-heading-10757-402 bde-heading\">\nTiergest\u00fctzte Therapie\n<\/h3><div class=\"bde-content-reveal-10757-403 bde-content-reveal\">\n<div class=\"bde-content-reveal__container is-hidden\">\n  <div class=\"bde-content-reveal__content\">\n    <div class=\"bde-text-10757-404 bde-text\">\nDie Tiergest\u00fctzten Therapien in den F\u00f6rdergruppen haben sich als wertvolle Unterst\u00fctzung erwiesen.<br>Der Besuch der Tiertherapeutin mit ihrer Menagerie aus Hunden, H\u00fchnern und Kaninchen ist das Highlight der Woche in den F\u00f6rdergruppen. Ein weiches Fell zu streicheln, entspannt \u2013 nicht nur durch Spasmen verkrampfte Muskeln \u2013 auch die Unruhigsten k\u00f6nnen pl\u00f6tzlich still sitzen. Dem Hund Kommandos geben und mit Leckerli belohnen d\u00fcrfen, st\u00e4rkt das Selbstbewusstsein.<br>Da diese Therapien weder von der Krankenkasse bezahlt, noch vom Sozialamt \u00fcbernommen werden, sind wir daf\u00fcr auf Spenden angewiesen.\n<\/div>\n  <\/div>\n\n      \n      \n    \n    \n    \n                                                    \n            \n            <button type=\"button\" class=\"button-atom button-atom--secondary bde-content-reveal__button\"   data-i18n-more=\"anzeigen\" data-i18n-less=\"schlie\u00dfen\">\n    \n        <span class=\"button-atom__text\">anzeigen<\/span>\n\n        \n        \n            <\/button>\n    \n<\/div>\n\n<\/div>\n<\/div><div class=\"bde-column-10757-406 bde-column\">\n  \n  \n\t\n\n\n\n<div class=\"bde-image-10757-407 bde-image\">\n<figure class=\"breakdance-image breakdance-image--18938\">\n\t<div class=\"breakdance-image-container\">\n\t\t<div class=\"breakdance-image-clip\"><img loading=\"lazy\" decoding=\"async\" class=\"breakdance-image-object\" src=\"https:\/\/www.lebenshilfe-stuttgart.de\/wp-content\/uploads\/2025\/05\/Trauerkarte-Kreuz.jpg\" width=\"1000\" height=\"1000\" srcset=\"https:\/\/www.lebenshilfe-stuttgart.de\/wp-content\/uploads\/2025\/05\/Trauerkarte-Kreuz.jpg 1000w, https:\/\/www.lebenshilfe-stuttgart.de\/wp-content\/uploads\/2025\/05\/Trauerkarte-Kreuz-300x300.jpg 300w, https:\/\/www.lebenshilfe-stuttgart.de\/wp-content\/uploads\/2025\/05\/Trauerkarte-Kreuz-600x600.jpg 600w, https:\/\/www.lebenshilfe-stuttgart.de\/wp-content\/uploads\/2025\/05\/Trauerkarte-Kreuz-150x150.jpg 150w, https:\/\/www.lebenshilfe-stuttgart.de\/wp-content\/uploads\/2025\/05\/Trauerkarte-Kreuz-768x768.jpg 768w, https:\/\/www.lebenshilfe-stuttgart.de\/wp-content\/uploads\/2025\/05\/Trauerkarte-Kreuz-12x12.jpg 12w\" sizes=\"auto, (max-width: 1000px) 100vw, 1000px\" alt=\"Trauerkarte der Lebenshilfe Stuttgart\"><\/div>\n\t<\/div><\/figure>\n\n<\/div><h3 class=\"bde-heading-10757-408 bde-heading\">\nBegleitete Trauerarbeit\n<\/h3><div class=\"bde-content-reveal-10757-409 bde-content-reveal\">\n<div class=\"bde-content-reveal__container is-hidden\">\n  <div class=\"bde-content-reveal__content\">\n    <div class=\"bde-text-10757-410 bde-text\">\nAuch Menschen mit Behinderung brauchen Begleitung bei der Trauerarbeit. Wenn jemand verstorben ist \u2013 Angeh\u00f6riger, Gruppenmitglied, Mitbewohner, jemand aus dem Freundeskreis \u2013 ist es hilfreich, einen guten Umgang damit zu finden. Seit einigen Jahren gibt es deshalb bei uns verschiedene Angebote, um die Trauer zu verarbeiten. Es gibt Trauerfeiern f\u00fcr verstorbene Arbeitskollegen oder Mitbewohner und Trauergruppen. Die Erfahrung hat gezeigt, dass es wichtig ist, diese Angebote professionell zu begleiteten. Im Jahr entstehen daf\u00fcr Kosten von etwa 500 Euro.\n<\/div>\n  <\/div>\n\n      \n      \n    \n    \n    \n                                                    \n            \n            <button type=\"button\" class=\"button-atom button-atom--secondary bde-content-reveal__button\"   data-i18n-more=\"anzeigen\" data-i18n-less=\"schlie\u00dfen\">\n    \n        <span class=\"button-atom__text\">anzeigen<\/span>\n\n        \n        \n            <\/button>\n    \n<\/div>\n\n<\/div>\n<\/div><div class=\"bde-column-10757-412 bde-column\">\n  \n  \n\t\n\n\n\n<div class=\"bde-image-10757-413 bde-image\">\n<figure class=\"breakdance-image breakdance-image--19816\">\n\t<div class=\"breakdance-image-container\">\n\t\t<div class=\"breakdance-image-clip\"><img loading=\"lazy\" decoding=\"async\" class=\"breakdance-image-object\" src=\"https:\/\/www.lebenshilfe-stuttgart.de\/wp-content\/uploads\/2025\/10\/Reise-Reiterhof-Trunk.jpg\" width=\"800\" height=\"400\" srcset=\"https:\/\/www.lebenshilfe-stuttgart.de\/wp-content\/uploads\/2025\/10\/Reise-Reiterhof-Trunk.jpg 800w, https:\/\/www.lebenshilfe-stuttgart.de\/wp-content\/uploads\/2025\/10\/Reise-Reiterhof-Trunk-300x150.jpg 300w, https:\/\/www.lebenshilfe-stuttgart.de\/wp-content\/uploads\/2025\/10\/Reise-Reiterhof-Trunk-768x384.jpg 768w, https:\/\/www.lebenshilfe-stuttgart.de\/wp-content\/uploads\/2025\/10\/Reise-Reiterhof-Trunk-18x9.jpg 18w, https:\/\/www.lebenshilfe-stuttgart.de\/wp-content\/uploads\/2025\/10\/Reise-Reiterhof-Trunk-600x300.jpg 600w\" sizes=\"auto, (max-width: 800px) 100vw, 800px\" alt=\"Reiterhof Trunk in Reckerstal\"><\/div>\n\t<\/div><\/figure>\n\n<\/div><h3 class=\"bde-heading-10757-414 bde-heading\">\nReisen\n<\/h3><div class=\"bde-content-reveal-10757-415 bde-content-reveal\">\n<div class=\"bde-content-reveal__container is-hidden\">\n  <div class=\"bde-content-reveal__content\">\n    <div class=\"bde-text-10757-416 bde-text\">\nUnser Reiseb\u00fcro lehi-tours organisiert und vermittelt viele unterschiedliche Reisen. Ruhig oder aktiv, nah oder fern, f\u00fcr jeden Geschmack ist etwas zu finden. Aus dem Alltag raus kommen, andere Landschaften, St\u00e4dte und Menschen kennenlernen, sich erholen und Anregungen bekommen \u2013 mit Ihrer Spende k\u00f6nnen Sie das auch denjenigen erm\u00f6glichen, die finanziell schlecht gestellt sind.<br><br>\n<\/div>\n  <\/div>\n\n      \n      \n    \n    \n    \n                                                    \n            \n            <button type=\"button\" class=\"button-atom button-atom--secondary bde-content-reveal__button\"   data-i18n-more=\"anzeigen\" data-i18n-less=\"schlie\u00dfen\">\n    \n        <span class=\"button-atom__text\">anzeigen<\/span>\n\n        \n        \n            <\/button>\n    \n<\/div>\n\n<\/div>\n<\/div><\/div>\n<\/div><\/div><\/div>\n<\/section><section id=\"anker_spenden\" class=\"bde-section-10757-334 bde-section\">\n  \n  \n\t\n\n\n\n<div class=\"section-container\"><div class=\"bde-div-10757-378 bde-div\">\n  \n  \n\t\n\n\n\n<div class=\"bde-code-block-10757-377 bde-code-block\">\n\n  <script type=\"text\/javascript\" src=\"https:\/\/secure.fundraisingbox.com\/app\/paymentJS?hash=q5ob1xkp742f41at\"><\/script><noscript>Bitte Javascript aktivieren<\/noscript><a target=\"_blank\" href=\"https:\/\/www.fundraisingbox.com\/?utm_source=donation_form\" rel=\"noopener\"><img decoding=\"async\" border=\"0\" style=\"border: 0 !important\" src=\"https:\/\/secure.fundraisingbox.com\/images\/FundraisingBox-Logo-Widget.png\" alt=\"FundraisingBox Logo\" \/><\/a>\n\n\n<\/div>\n<\/div><\/div>\n<\/section><section id=\"anker_gruende\" class=\"bde-section-10757-110 bde-section\">\n  \n  \n\t\n\n\n\n<div class=\"section-container\"><div class=\"bde-div-10757-124 bde-div\">\n  \n  \n\t\n\n\n\n<h2 class=\"bde-heading-10757-125 bde-heading\">\nDrei gute Gr\u00fcnde zu spenden\n<\/h2><div class=\"bde-fancy-divider-10757-126 bde-fancy-divider\">\n\n\n<div class=\"bde-fancy-divider__wrapper\">\n  <div class=\"bde-fancy-divider__separator\">\n  \t  <\/div>\n<\/div>\n\n<\/div>\n<\/div><div class=\"bde-columns-10757-140 bde-columns\"><div class=\"bde-column-10757-141 bde-column\">\n  \n  \n\t\n\n\n\n<h3 class=\"bde-heading-10757-144 bde-heading\">\n1. Inklusion f\u00f6rdern\n<\/h3><div class=\"bde-text-10757-147 bde-text\">\nSie helfen mit, dass Menschen mit und ohne Behinderung sich begegnen und Vorurteile abbauen k\u00f6nnen. So erm\u00f6glichen Sie Begegnungen auf Augenh\u00f6he.\n<\/div>\n<\/div><div class=\"bde-column-10757-142 bde-column\">\n  \n  \n\t\n\n\n\n<h3 class=\"bde-heading-10757-145 bde-heading\">\n2. Angebote schaffen\n<\/h3><div class=\"bde-text-10757-148 bde-text\">\nMit Ihrer Hilfe k\u00f6nnen Menschen mit Behinderung an besonderen therapeutischen Angeboten teilhaben. Au\u00dferdem erm\u00f6glichen Sie Freizeit- und Reiseangebote.\n<\/div>\n<\/div><div class=\"bde-column-10757-143 bde-column\">\n  \n  \n\t\n\n\n\n<h3 class=\"bde-heading-10757-146 bde-heading\">\n3. Steuern sparen\n<\/h3><div class=\"bde-text-10757-149 bde-text\">\nIhre Spende k\u00f6nnen Sie steuerlich geltend machen. Wir stellen Ihnen auf Wunsch eine Zuwendungsbescheinigung aus.\n<\/div>\n<\/div><\/div><\/div>\n<\/section><section id=\"anker_auftraege\" class=\"bde-section-10757-163 bde-section\">\n  \n  \n\t\n\n\n\n<div class=\"section-container\"><div class=\"bde-div-10757-177 bde-div\">\n  \n  \n\t\n\n\n\n<div class=\"bde-image-10757-178 bde-image\">\n<figure class=\"breakdance-image breakdance-image--16013\">\n\t<div class=\"breakdance-image-container\">\n\t\t<div class=\"breakdance-image-clip\"><img loading=\"lazy\" decoding=\"async\" class=\"breakdance-image-object\" src=\"https:\/\/www.lebenshilfe-stuttgart.de\/wp-content\/uploads\/2024\/11\/SSL.jpg\" width=\"300\" height=\"300\" srcset=\"https:\/\/www.lebenshilfe-stuttgart.de\/wp-content\/uploads\/2024\/11\/SSL.jpg 300w, https:\/\/www.lebenshilfe-stuttgart.de\/wp-content\/uploads\/2024\/11\/SSL-150x150.jpg 150w\" sizes=\"auto, (max-width: 300px) 100vw, 300px\" alt=\"Ihre Daten sind SSL-Verschl\u00fcsselt und sicher\"><\/div>\n\t<\/div><\/figure>\n\n<\/div><div class=\"bde-div-10757-179 bde-div\">\n  \n  \n\t\n\n\n\n<h2 class=\"bde-heading-10757-180 bde-heading\">\nSicher spenden\n<\/h2><div class=\"bde-rich-text-10757-181 bde-rich-text breakdance-rich-text-styles\">\n<p>Wir sch\u00fctzen Ihre Daten mit SSL-\u00dcbertragung.<br \/>Ihre Daten werden nicht an Dritte weitergegeben.<\/p>\n<\/div>\n<\/div>\n<\/div><\/div>\n<\/section><section class=\"bde-section-10757-224 bde-section\">\n  \n  \n\t\n\n\n\n<div class=\"section-container\"><div class=\"bde-columns-10757-225 bde-columns\"><div class=\"bde-column-10757-226 bde-column\">\n  \n  \n\t\n\n\n\n<h3 class=\"bde-heading-10757-227 bde-heading\">\nKontakt\n<\/h3><div class=\"bde-rich-text-10757-228 bde-rich-text breakdance-rich-text-styles\">\n<p>Lebenshilfe Stuttgart e.V.<br \/>Gesch\u00e4fts\u00b7stelle<\/p><p>Ernsthaldenstra\u00dfe 39<br \/>70565 Stuttgart<\/p><p>Telefon: 0711 31 097-125<br \/>E-Mail:\u00a0<a title=\"Verein E-Mail\" href=\"mailto:%20verein@lebenshilfe-stuttgart.de\">verein@lebenshilfe-stuttgart.de<\/a><\/p>\n<\/div>\n<\/div><\/div><\/div>\n<\/section>","protected":false},"excerpt":{"rendered":"<p>Die meisten unserer Aufgaben werden durch staatliche Gelder finanziert. Diese decken jedoch nur die Grundversorgung ab. F\u00fcr Extras ist dabei kein Spielraum.<br \/>\nDank Ihrer Spende k\u00f6nnen wir zus\u00e4tzliche Angebote schaffen, wie zum Beispiel die tiergest\u00fctzte Therapie oder die Kunstwerkstatt. Au\u00dferdem sind viele Freizeit- und Reise\u00adangebote spendenbasiert.<\/p>","protected":false},"author":2,"featured_media":0,"parent":0,"menu_order":0,"comment_status":"closed","ping_status":"closed","template":"","meta":{"_acf_changed":false,"_breakdance_hide_in_design_set":false,"_breakdance_tags":"","footnotes":""},"folder":[],"class_list":["post-10757","page","type-page","status-publish","hentry"],"acf":[],"_links":{"self":[{"href":"https:\/\/www.lebenshilfe-stuttgart.de\/de_leicht\/wp-json\/wp\/v2\/pages\/10757","targetHints":{"allow":["GET"]}}],"collection":[{"href":"https:\/\/www.lebenshilfe-stuttgart.de\/de_leicht\/wp-json\/wp\/v2\/pages"}],"about":[{"href":"https:\/\/www.lebenshilfe-stuttgart.de\/de_leicht\/wp-json\/wp\/v2\/types\/page"}],"author":[{"embeddable":true,"href":"https:\/\/www.lebenshilfe-stuttgart.de\/de_leicht\/wp-json\/wp\/v2\/users\/2"}],"replies":[{"embeddable":true,"href":"https:\/\/www.lebenshilfe-stuttgart.de\/de_leicht\/wp-json\/wp\/v2\/comments?post=10757"}],"version-history":[{"count":84,"href":"https:\/\/www.lebenshilfe-stuttgart.de\/de_leicht\/wp-json\/wp\/v2\/pages\/10757\/revisions"}],"predecessor-version":[{"id":21099,"href":"https:\/\/www.lebenshilfe-stuttgart.de\/de_leicht\/wp-json\/wp\/v2\/pages\/10757\/revisions\/21099"}],"wp:attachment":[{"href":"https:\/\/www.lebenshilfe-stuttgart.de\/de_leicht\/wp-json\/wp\/v2\/media?parent=10757"}],"wp:term":[{"taxonomy":"folder","embeddable":true,"href":"https:\/\/www.lebenshilfe-stuttgart.de\/de_leicht\/wp-json\/wp\/v2\/folder?post=10757"}],"curies":[{"name":"wp","href":"https:\/\/api.w.org\/{rel}","templated":true}]}}