{"id":12447,"date":"2023-12-15T16:49:49","date_gmt":"2023-12-15T15:49:49","guid":{"rendered":"http:\/\/breakdance.lebenshilfe-stuttgart.de\/?post_type=product&#038;p=12447"},"modified":"2026-01-12T13:00:55","modified_gmt":"2026-01-12T12:00:55","slug":"spaetzle","status":"publish","type":"product","link":"https:\/\/www.lebenshilfe-stuttgart.de\/de_leicht\/shop\/spaetzle\/","title":{"rendered":"Dinkel Sp\u00e4tzle vegan"},"content":{"rendered":"<p>Unsere veganen Sp\u00e4tzle werden aus reinem Dinkelweizengrie\u00df mit viel Liebe in Stuttgart hergestellt.<\/p>\n<p>Wer die typisch schw\u00e4bischen Sp\u00e4tzle nicht selber schaben m\u00f6chte, trifft mit unseren veganen Dinkel-Sp\u00e4tzle die richtige Wahl. Ob klassisch als K\u00e4ssp\u00e4tzle oder mit Linsen und Saitenw\u00fcrstle \u2013 unsere veganen Dinkel-Sp\u00e4tzle sind schnell zubereitet und schmecken einfach k\u00f6stlich.<\/p>","protected":false},"excerpt":{"rendered":"<p>Unsere veganen Sp\u00e4tzle werden aus reinem Dinkelweizengrie\u00df mit viel Liebe in Stuttgart hergestellt. Wer die typisch schw\u00e4bischen Sp\u00e4tzle nicht selber schaben m\u00f6chte, trifft mit unseren veganen Dinkel-Sp\u00e4tzle die richtige Wahl. Ob klassisch als K\u00e4ssp\u00e4tzle oder mit Linsen und Saitenw\u00fcrstle \u2013 unsere veganen Dinkel-Sp\u00e4tzle sind schnell zubereitet und schmecken einfach k\u00f6stlich.<\/p>","protected":false},"featured_media":17195,"template":"","meta":{"_acf_changed":false},"product_brand":[],"product_cat":[88],"product_tag":[],"class_list":{"0":"post-12447","1":"product","2":"type-product","3":"status-publish","4":"has-post-thumbnail","6":"product_cat-lebensmittel","8":"first","9":"instock","10":"taxable","11":"shipping-taxable","12":"purchasable","13":"product-type-simple"},"acf":[],"_links":{"self":[{"href":"https:\/\/www.lebenshilfe-stuttgart.de\/de_leicht\/wp-json\/wp\/v2\/product\/12447","targetHints":{"allow":["GET"]}}],"collection":[{"href":"https:\/\/www.lebenshilfe-stuttgart.de\/de_leicht\/wp-json\/wp\/v2\/product"}],"about":[{"href":"https:\/\/www.lebenshilfe-stuttgart.de\/de_leicht\/wp-json\/wp\/v2\/types\/product"}],"wp:featuredmedia":[{"embeddable":true,"href":"https:\/\/www.lebenshilfe-stuttgart.de\/de_leicht\/wp-json\/wp\/v2\/media\/17195"}],"wp:attachment":[{"href":"https:\/\/www.lebenshilfe-stuttgart.de\/de_leicht\/wp-json\/wp\/v2\/media?parent=12447"}],"wp:term":[{"taxonomy":"product_brand","embeddable":true,"href":"https:\/\/www.lebenshilfe-stuttgart.de\/de_leicht\/wp-json\/wp\/v2\/product_brand?post=12447"},{"taxonomy":"product_cat","embeddable":true,"href":"https:\/\/www.lebenshilfe-stuttgart.de\/de_leicht\/wp-json\/wp\/v2\/product_cat?post=12447"},{"taxonomy":"product_tag","embeddable":true,"href":"https:\/\/www.lebenshilfe-stuttgart.de\/de_leicht\/wp-json\/wp\/v2\/product_tag?post=12447"}],"curies":[{"name":"wp","href":"https:\/\/api.w.org\/{rel}","templated":true}]}}

Dinkel Spätzle vegan

<p>Unsere veganen Spätzle werden aus reinem Dinkelweizengrieß mit viel Liebe in Stuttgart hergestellt.</p>
<p>Wer die typisch schwäbischen Spätzle nicht selber schaben möchte, trifft mit unseren veganen Dinkel-Spätzle die richtige Wahl. Ob klassisch als Kässpätzle oder mit Linsen und Saitenwürstle – unsere veganen Dinkel-Spätzle sind schnell zubereitet und schmecken einfach köstlich.</p>

<p>Unsere veganen Spätzle werden aus reinem Dinkelweizengrieß mit viel Liebe in Stuttgart hergestellt. Wer die typisch schwäbischen Spätzle nicht selber schaben möchte, trifft mit unseren veganen Dinkel-Spätzle die richtige Wahl. Ob klassisch als Kässpätzle oder mit Linsen und Saitenwürstle – unsere veganen Dinkel-Spätzle sind schnell zubereitet und schmecken einfach köstlich.</p>
