{"id":12751,"date":"2024-01-12T10:59:50","date_gmt":"2024-01-12T09:59:50","guid":{"rendered":"http:\/\/breakdance.lebenshilfe-stuttgart.de\/?post_type=product&#038;p=12751"},"modified":"2026-02-26T16:00:06","modified_gmt":"2026-02-26T15:00:06","slug":"kerze-bari","status":"publish","type":"product","link":"https:\/\/www.lebenshilfe-stuttgart.de\/de_leicht\/shop\/kerze-bari\/","title":{"rendered":"Kerze Bari"},"content":{"rendered":"<div class=\"et_pb_row et_pb_row_1 et_had_animation\">\n<div class=\"et_pb_column et_pb_column_1_2 et_pb_column_2 et_pb_css_mix_blend_mode_passthrough et-last-child\">\n<div class=\"et_pb_module et_pb_wc_tabs et_pb_wc_tabs_0 et_pb_tabs\">\n<div class=\"et_pb_all_tabs\">\n<div class=\"et_pb_tab clearfix et_pb_active_content et-pb-active-slide\">\n<div class=\"et_pb_tab_content\">\n<p data-swp-font-size=\"17px\">Als Vorlage f\u00fcr diese einzigartige Kerze diente ein echter Baumstamm. So entstand die stimmungsvolle Kerze Bari. Erh\u00e4ltlich ist die Baumkerze in den Farben dunkelgrau, braungrau und gr\u00fcn.<\/p>\n<\/div>\n<\/div>\n<\/div>\n<\/div>\n<\/div>\n<\/div>","protected":false},"excerpt":{"rendered":"<p>Als Vorlage f\u00fcr diese einzigartige Kerze diente ein echter Baumstamm. So entstand die stimmungsvolle Kerze Bari. Erh\u00e4ltlich ist die Baumkerze in den Farben dunkelgrau, braungrau und gr\u00fcn.<\/p>","protected":false},"featured_media":16176,"template":"","meta":{"_acf_changed":false},"product_brand":[],"product_cat":[87],"product_tag":[],"class_list":{"0":"post-12751","1":"product","2":"type-product","3":"status-publish","4":"has-post-thumbnail","6":"product_cat-kerzen","8":"first","9":"outofstock","10":"taxable","11":"shipping-taxable","12":"purchasable","13":"product-type-variable"},"acf":[],"_links":{"self":[{"href":"https:\/\/www.lebenshilfe-stuttgart.de\/de_leicht\/wp-json\/wp\/v2\/product\/12751","targetHints":{"allow":["GET"]}}],"collection":[{"href":"https:\/\/www.lebenshilfe-stuttgart.de\/de_leicht\/wp-json\/wp\/v2\/product"}],"about":[{"href":"https:\/\/www.lebenshilfe-stuttgart.de\/de_leicht\/wp-json\/wp\/v2\/types\/product"}],"wp:featuredmedia":[{"embeddable":true,"href":"https:\/\/www.lebenshilfe-stuttgart.de\/de_leicht\/wp-json\/wp\/v2\/media\/16176"}],"wp:attachment":[{"href":"https:\/\/www.lebenshilfe-stuttgart.de\/de_leicht\/wp-json\/wp\/v2\/media?parent=12751"}],"wp:term":[{"taxonomy":"product_brand","embeddable":true,"href":"https:\/\/www.lebenshilfe-stuttgart.de\/de_leicht\/wp-json\/wp\/v2\/product_brand?post=12751"},{"taxonomy":"product_cat","embeddable":true,"href":"https:\/\/www.lebenshilfe-stuttgart.de\/de_leicht\/wp-json\/wp\/v2\/product_cat?post=12751"},{"taxonomy":"product_tag","embeddable":true,"href":"https:\/\/www.lebenshilfe-stuttgart.de\/de_leicht\/wp-json\/wp\/v2\/product_tag?post=12751"}],"curies":[{"name":"wp","href":"https:\/\/api.w.org\/{rel}","templated":true}]}}

<div class="et_pb_row et_pb_row_1 et_had_animation">
<div class="et_pb_column et_pb_column_1_2 et_pb_column_2 et_pb_css_mix_blend_mode_passthrough et-last-child">
<div class="et_pb_module et_pb_wc_tabs et_pb_wc_tabs_0 et_pb_tabs">
<div class="et_pb_all_tabs">
<div class="et_pb_tab clearfix et_pb_active_content et-pb-active-slide">
<div class="et_pb_tab_content">
<p data-swp-font-size="17px">Als Vorlage für diese einzigartige Kerze diente ein echter Baumstamm. So entstand die stimmungsvolle Kerze Bari. Erhältlich ist die Baumkerze in den Farben dunkelgrau, braungrau und grün.</p>
</div>
</div>
</div>
</div>
</div>
</div>

<p>Als Vorlage für diese einzigartige Kerze diente ein echter Baumstamm. So entstand die stimmungsvolle Kerze Bari. Erhältlich ist die Baumkerze in den Farben dunkelgrau, braungrau und grün.</p>
