{"id":12819,"date":"2024-01-12T16:19:25","date_gmt":"2024-01-12T15:19:25","guid":{"rendered":"http:\/\/breakdance.lebenshilfe-stuttgart.de\/?post_type=product&#038;p=12819"},"modified":"2026-01-23T10:37:35","modified_gmt":"2026-01-23T09:37:35","slug":"kerze-tarent","status":"publish","type":"product","link":"https:\/\/www.lebenshilfe-stuttgart.de\/de_leicht\/shop\/kerze-tarent\/","title":{"rendered":"Kerze Tarent"},"content":{"rendered":"<div class=\"et_pb_row et_pb_row_1 et_had_animation\">\n<div class=\"et_pb_column et_pb_column_1_2 et_pb_column_2 et_pb_css_mix_blend_mode_passthrough et-last-child\">\n<div class=\"et_pb_module et_pb_wc_tabs et_pb_wc_tabs_0 et_pb_tabs\">\n<div class=\"et_pb_all_tabs\">\n<div class=\"et_pb_tab clearfix et_pb_active_content et-pb-active-slide\">\n<div class=\"et_pb_tab_content\">\n<p data-swp-font-size=\"17px\">Die Kerze Tarent im Betont\u00f6pfchen bieten wir in verschiedenen Farben an. Au\u00dferdem ist die Kerze Tarent auch in Bienenwachs erh\u00e4ltlich. Sowohl die Betonform, als auch die Kerze werden in den Werkst\u00e4tten der Lebenshilfe Stuttgart hergestellt.<\/p>\n<\/div>\n<\/div>\n<\/div>\n<\/div>\n<\/div>\n<\/div>\n<div class=\"et_pb_row et_pb_row_3 et_had_animation\">\n<div class=\"et_pb_column et_pb_column_4_4 et_pb_column_3 et_pb_css_mix_blend_mode_passthrough et-last-child\">\n<div class=\"et_pb_module et_pb_text et_pb_text_1 et_pb_text_align_left et_pb_bg_layout_light\">\n<div class=\"et_pb_text_inner\"><\/div>\n<\/div>\n<\/div>\n<\/div>","protected":false},"excerpt":{"rendered":"<p>Die Kerze Tarent im Betont\u00f6pfchen bieten wir in verschiedenen Farben an. Au\u00dferdem ist die Kerze Tarent auch in Bienenwachs erh\u00e4ltlich. Sowohl die Betonform, als auch die Kerze werden in den Werkst\u00e4tten der Lebenshilfe Stuttgart hergestellt.<\/p>","protected":false},"featured_media":18145,"template":"","meta":{"_acf_changed":false},"product_brand":[],"product_cat":[87],"product_tag":[],"class_list":{"0":"post-12819","1":"product","2":"type-product","3":"status-publish","4":"has-post-thumbnail","6":"product_cat-kerzen","8":"first","9":"outofstock","10":"taxable","11":"shipping-taxable","12":"purchasable","13":"product-type-variable"},"acf":[],"_links":{"self":[{"href":"https:\/\/www.lebenshilfe-stuttgart.de\/de_leicht\/wp-json\/wp\/v2\/product\/12819","targetHints":{"allow":["GET"]}}],"collection":[{"href":"https:\/\/www.lebenshilfe-stuttgart.de\/de_leicht\/wp-json\/wp\/v2\/product"}],"about":[{"href":"https:\/\/www.lebenshilfe-stuttgart.de\/de_leicht\/wp-json\/wp\/v2\/types\/product"}],"wp:featuredmedia":[{"embeddable":true,"href":"https:\/\/www.lebenshilfe-stuttgart.de\/de_leicht\/wp-json\/wp\/v2\/media\/18145"}],"wp:attachment":[{"href":"https:\/\/www.lebenshilfe-stuttgart.de\/de_leicht\/wp-json\/wp\/v2\/media?parent=12819"}],"wp:term":[{"taxonomy":"product_brand","embeddable":true,"href":"https:\/\/www.lebenshilfe-stuttgart.de\/de_leicht\/wp-json\/wp\/v2\/product_brand?post=12819"},{"taxonomy":"product_cat","embeddable":true,"href":"https:\/\/www.lebenshilfe-stuttgart.de\/de_leicht\/wp-json\/wp\/v2\/product_cat?post=12819"},{"taxonomy":"product_tag","embeddable":true,"href":"https:\/\/www.lebenshilfe-stuttgart.de\/de_leicht\/wp-json\/wp\/v2\/product_tag?post=12819"}],"curies":[{"name":"wp","href":"https:\/\/api.w.org\/{rel}","templated":true}]}}

<div class="et_pb_row et_pb_row_1 et_had_animation">
<div class="et_pb_column et_pb_column_1_2 et_pb_column_2 et_pb_css_mix_blend_mode_passthrough et-last-child">
<div class="et_pb_module et_pb_wc_tabs et_pb_wc_tabs_0 et_pb_tabs">
<div class="et_pb_all_tabs">
<div class="et_pb_tab clearfix et_pb_active_content et-pb-active-slide">
<div class="et_pb_tab_content">
<p data-swp-font-size="17px">Die Kerze Tarent im Betontöpfchen bieten wir in verschiedenen Farben an. Außerdem ist die Kerze Tarent auch in Bienenwachs erhältlich. Sowohl die Betonform, als auch die Kerze werden in den Werkstätten der Lebenshilfe Stuttgart hergestellt.</p>
</div>
</div>
</div>
</div>
</div>
</div>
<div class="et_pb_row et_pb_row_3 et_had_animation">
<div class="et_pb_column et_pb_column_4_4 et_pb_column_3 et_pb_css_mix_blend_mode_passthrough et-last-child">
<div class="et_pb_module et_pb_text et_pb_text_1 et_pb_text_align_left et_pb_bg_layout_light">
<div class="et_pb_text_inner"></div>
</div>
</div>
</div>

<p>Die Kerze Tarent im Betontöpfchen bieten wir in verschiedenen Farben an. Außerdem ist die Kerze Tarent auch in Bienenwachs erhältlich. Sowohl die Betonform, als auch die Kerze werden in den Werkstätten der Lebenshilfe Stuttgart hergestellt.</p>
