{"id":12843,"date":"2024-01-15T10:16:17","date_gmt":"2024-01-15T09:16:17","guid":{"rendered":"http:\/\/breakdance.lebenshilfe-stuttgart.de\/?post_type=product&#038;p=12843"},"modified":"2026-01-23T10:37:31","modified_gmt":"2026-01-23T09:37:31","slug":"teelichter-monde-sterne","status":"publish","type":"product","link":"https:\/\/www.lebenshilfe-stuttgart.de\/de_leicht\/shop\/teelichter-monde-sterne\/","title":{"rendered":"Teelichter Monde und Sterne"},"content":{"rendered":"<p>Eine feine Kombination sind die Teelichte im Stern- und Mondform. Die Tonformen stellen wir in unserer Keramikwerkstatt her und f\u00fcllen sie anschlie\u00dfend in unserer Kerzenwerkstatt mit Bienenwachs. Bienenwachskerzen brennen lange und verstr\u00f6men dabei einen zarten Duft.<\/p>","protected":false},"excerpt":{"rendered":"<p>Eine feine Kombination sind die Teelichte im Stern- und Mondform. Die Tonformen stellen wir in unserer Keramikwerkstatt her und f\u00fcllen sie anschlie\u00dfend in unserer Kerzenwerkstatt mit Bienenwachs. Bienenwachskerzen brennen lange und verstr\u00f6men dabei einen zarten Duft.<\/p>","protected":false},"featured_media":16215,"template":"","meta":{"_acf_changed":false},"product_brand":[],"product_cat":[87,309],"product_tag":[],"class_list":{"0":"post-12843","1":"product","2":"type-product","3":"status-publish","4":"has-post-thumbnail","6":"product_cat-kerzen","7":"product_cat-weihnachten","9":"first","10":"instock","11":"taxable","12":"shipping-taxable","13":"purchasable","14":"product-type-simple"},"acf":[],"_links":{"self":[{"href":"https:\/\/www.lebenshilfe-stuttgart.de\/de_leicht\/wp-json\/wp\/v2\/product\/12843","targetHints":{"allow":["GET"]}}],"collection":[{"href":"https:\/\/www.lebenshilfe-stuttgart.de\/de_leicht\/wp-json\/wp\/v2\/product"}],"about":[{"href":"https:\/\/www.lebenshilfe-stuttgart.de\/de_leicht\/wp-json\/wp\/v2\/types\/product"}],"wp:featuredmedia":[{"embeddable":true,"href":"https:\/\/www.lebenshilfe-stuttgart.de\/de_leicht\/wp-json\/wp\/v2\/media\/16215"}],"wp:attachment":[{"href":"https:\/\/www.lebenshilfe-stuttgart.de\/de_leicht\/wp-json\/wp\/v2\/media?parent=12843"}],"wp:term":[{"taxonomy":"product_brand","embeddable":true,"href":"https:\/\/www.lebenshilfe-stuttgart.de\/de_leicht\/wp-json\/wp\/v2\/product_brand?post=12843"},{"taxonomy":"product_cat","embeddable":true,"href":"https:\/\/www.lebenshilfe-stuttgart.de\/de_leicht\/wp-json\/wp\/v2\/product_cat?post=12843"},{"taxonomy":"product_tag","embeddable":true,"href":"https:\/\/www.lebenshilfe-stuttgart.de\/de_leicht\/wp-json\/wp\/v2\/product_tag?post=12843"}],"curies":[{"name":"wp","href":"https:\/\/api.w.org\/{rel}","templated":true}]}}