{"id":17475,"date":"2025-01-24T12:00:58","date_gmt":"2025-01-24T11:00:58","guid":{"rendered":"https:\/\/www.lebenshilfe-stuttgart.de\/?post_type=product&#038;p=17475"},"modified":"2025-11-13T14:34:10","modified_gmt":"2025-11-13T13:34:10","slug":"chronik","status":"publish","type":"product","link":"https:\/\/www.lebenshilfe-stuttgart.de\/de_leicht\/shop\/chronik\/","title":{"rendered":"Chronik \u201eGeschichte und Geschichten\u201c der Lebenshilfe Stuttgart"},"content":{"rendered":"<p>Es ist kaum vorstellbar, dass 1960, als die Lebenshilfe Stuttgart e.V. gegr\u00fcndet wurde, Menschen mit Behinderung und ihre Angeh\u00f6rige alleine gelassen wurde. Es gab keine Schulen f\u00fcr sie, sie galten als bildungsunf\u00e4hig, h\u00f6chstens der eine oder andere Kindergarten nahm sie auf. Danach blieb ihnen nur zu Hause zu bleiben oder in einer gro\u00dfen Einrichtung weit weg betreut zu werden. In der Chronik der Lebenshilfe Stuttgart lesen sie leicht verst\u00e4ndlich \u00fcber die abenteuerlichen Anf\u00e4nge der Lebenshilfe Stuttgart und die weitere Entwicklung hin zu einem modernen Dienstleistungsunternehmen.\u201c<\/p>","protected":false},"excerpt":{"rendered":"<p>Es ist kaum vorstellbar, dass 1960, als die Lebenshilfe Stuttgart e.V. gegr\u00fcndet wurde, Menschen mit Behinderung und ihre Angeh\u00f6rige alleine gelassen wurde. Es gab keine Schulen f\u00fcr sie, sie galten als bildungsunf\u00e4hig, h\u00f6chstens der eine oder andere Kindergarten nahm sie auf. Danach blieb ihnen nur zu Hause zu bleiben oder in einer gro\u00dfen Einrichtung weit [&hellip;]<\/p>\n","protected":false},"featured_media":17476,"template":"","meta":{"_acf_changed":false},"product_brand":[],"product_cat":[219],"product_tag":[],"class_list":{"0":"post-17475","1":"product","2":"type-product","3":"status-publish","4":"has-post-thumbnail","6":"product_cat-buecher","8":"first","9":"instock","10":"taxable","11":"shipping-taxable","12":"purchasable","13":"product-type-simple"},"acf":[],"_links":{"self":[{"href":"https:\/\/www.lebenshilfe-stuttgart.de\/de_leicht\/wp-json\/wp\/v2\/product\/17475","targetHints":{"allow":["GET"]}}],"collection":[{"href":"https:\/\/www.lebenshilfe-stuttgart.de\/de_leicht\/wp-json\/wp\/v2\/product"}],"about":[{"href":"https:\/\/www.lebenshilfe-stuttgart.de\/de_leicht\/wp-json\/wp\/v2\/types\/product"}],"wp:featuredmedia":[{"embeddable":true,"href":"https:\/\/www.lebenshilfe-stuttgart.de\/de_leicht\/wp-json\/wp\/v2\/media\/17476"}],"wp:attachment":[{"href":"https:\/\/www.lebenshilfe-stuttgart.de\/de_leicht\/wp-json\/wp\/v2\/media?parent=17475"}],"wp:term":[{"taxonomy":"product_brand","embeddable":true,"href":"https:\/\/www.lebenshilfe-stuttgart.de\/de_leicht\/wp-json\/wp\/v2\/product_brand?post=17475"},{"taxonomy":"product_cat","embeddable":true,"href":"https:\/\/www.lebenshilfe-stuttgart.de\/de_leicht\/wp-json\/wp\/v2\/product_cat?post=17475"},{"taxonomy":"product_tag","embeddable":true,"href":"https:\/\/www.lebenshilfe-stuttgart.de\/de_leicht\/wp-json\/wp\/v2\/product_tag?post=17475"}],"curies":[{"name":"wp","href":"https:\/\/api.w.org\/{rel}","templated":true}]}}

<p>Es ist kaum vorstellbar, dass 1960, als die Lebenshilfe Stuttgart e.V. gegründet wurde, Menschen mit Behinderung und ihre Angehörige alleine gelassen wurde. Es gab keine Schulen für sie, sie galten als bildungsunfähig, höchstens der eine oder andere Kindergarten nahm sie auf. Danach blieb ihnen nur zu Hause zu bleiben oder in einer großen Einrichtung weit weg betreut zu werden. In der Chronik der Lebenshilfe Stuttgart lesen sie leicht verständlich über die abenteuerlichen Anfänge der Lebenshilfe Stuttgart und die weitere Entwicklung hin zu einem modernen Dienstleistungsunternehmen.“</p>

<p>Es ist kaum vorstellbar, dass 1960, als die Lebenshilfe Stuttgart e.V. gegründet wurde, Menschen mit Behinderung und ihre Angehörige alleine gelassen wurde. Es gab keine Schulen für sie, sie galten als bildungsunfähig, höchstens der eine oder andere Kindergarten nahm sie auf. Danach blieb ihnen nur zu Hause zu bleiben oder in einer großen Einrichtung weit [&hellip;]</p>
