{"id":19003,"date":"2025-05-16T14:16:47","date_gmt":"2025-05-16T12:16:47","guid":{"rendered":"https:\/\/www.lebenshilfe-stuttgart.de\/?post_type=product&#038;p=19003"},"modified":"2026-03-04T16:04:04","modified_gmt":"2026-03-04T15:04:04","slug":"geburtstagskarte-noten","status":"publish","type":"product","link":"https:\/\/www.lebenshilfe-stuttgart.de\/de_leicht\/shop\/geburtstagskarte-noten\/","title":{"rendered":"Geburtstagskarte Noten"},"content":{"rendered":"<p>\u00dcberbringen Sie einzigartige Geburtstagsw\u00fcnsche mit dieser hochwertigen Karte! Die Geburtstagskarte besticht durch ihr wundersch\u00f6nes Design mit aufgeklebten Kn\u00f6pfen als Notenk\u00f6pfe. Jede Karte wird von einer individuellen Auswahl an Kn\u00f6pfen verziert. Das macht jede Karte einzigartig.<\/p>\n<p>Ob f\u00fcr Freunde, Familie oder Kollegen \u2013 diese Karte ist der ideale Weg, um gro\u00dfe Geburtstagsw\u00fcnsche stilvoll zu \u00fcbermitteln. Machen Sie den n\u00e4chsten Geburtstag zu einem unvergesslichen Ereignis mit dieser au\u00dfergew\u00f6hnlichen Geburtstagskarte!<\/p>\n<p>Diese Geburtstagskarte wurde von Menschen mit einer schweren Behinderung hergestellt. Diese T\u00e4tigkeit hilft ihnen beim Erhalt ihrer F\u00e4higkeiten, gibt ihrem Tagesablauf Struktur und vermittelt ihnen Erfolgserlebnisse.<\/p>","protected":false},"excerpt":{"rendered":"<p>\u00dcberbringen Sie einzigartige Geburtstagsw\u00fcnsche mit dieser hochwertigen Karte! Die Geburtstagskarte besticht durch ihr wundersch\u00f6nes Design mit aufgeklebten Kn\u00f6pfen als Notenk\u00f6pfe. Jede Karte wird von einer individuellen Auswahl an Kn\u00f6pfen verziert. Das macht jede Karte einzigartig. Ob f\u00fcr Freunde, Familie oder Kollegen \u2013 diese Karte ist der ideale Weg, um gro\u00dfe Geburtstagsw\u00fcnsche stilvoll zu \u00fcbermitteln. Machen [&hellip;]<\/p>\n","protected":false},"featured_media":18998,"template":"","meta":{"_acf_changed":false},"product_brand":[],"product_cat":[293],"product_tag":[],"class_list":{"0":"post-19003","1":"product","2":"type-product","3":"status-publish","4":"has-post-thumbnail","6":"product_cat-karten","8":"first","9":"instock","10":"taxable","11":"shipping-taxable","12":"purchasable","13":"product-type-simple"},"acf":[],"_links":{"self":[{"href":"https:\/\/www.lebenshilfe-stuttgart.de\/de_leicht\/wp-json\/wp\/v2\/product\/19003","targetHints":{"allow":["GET"]}}],"collection":[{"href":"https:\/\/www.lebenshilfe-stuttgart.de\/de_leicht\/wp-json\/wp\/v2\/product"}],"about":[{"href":"https:\/\/www.lebenshilfe-stuttgart.de\/de_leicht\/wp-json\/wp\/v2\/types\/product"}],"wp:featuredmedia":[{"embeddable":true,"href":"https:\/\/www.lebenshilfe-stuttgart.de\/de_leicht\/wp-json\/wp\/v2\/media\/18998"}],"wp:attachment":[{"href":"https:\/\/www.lebenshilfe-stuttgart.de\/de_leicht\/wp-json\/wp\/v2\/media?parent=19003"}],"wp:term":[{"taxonomy":"product_brand","embeddable":true,"href":"https:\/\/www.lebenshilfe-stuttgart.de\/de_leicht\/wp-json\/wp\/v2\/product_brand?post=19003"},{"taxonomy":"product_cat","embeddable":true,"href":"https:\/\/www.lebenshilfe-stuttgart.de\/de_leicht\/wp-json\/wp\/v2\/product_cat?post=19003"},{"taxonomy":"product_tag","embeddable":true,"href":"https:\/\/www.lebenshilfe-stuttgart.de\/de_leicht\/wp-json\/wp\/v2\/product_tag?post=19003"}],"curies":[{"name":"wp","href":"https:\/\/api.w.org\/{rel}","templated":true}]}}